{"id":1248,"date":"2021-06-23T23:44:30","date_gmt":"2021-06-23T23:44:30","guid":{"rendered":"https:\/\/tufic-nader.com.ar\/home\/?page_id=1248"},"modified":"2021-07-01T19:20:11","modified_gmt":"2021-07-01T22:20:11","slug":"institucional","status":"publish","type":"page","link":"https:\/\/tufic-nader.com.ar\/home\/institucional\/","title":{"rendered":"Institucional"},"content":{"rendered":"\t\t<div data-elementor-type=\"wp-page\" data-elementor-id=\"1248\" class=\"elementor elementor-1248\">\n\t\t\t\t\t\t<section class=\"elementor-section elementor-top-section elementor-element elementor-element-e9d1fb1 elementor-section-boxed elementor-section-height-default elementor-section-height-default\" data-id=\"e9d1fb1\" data-element_type=\"section\" data-e-type=\"section\">\n\t\t\t\t\t\t<div class=\"elementor-container elementor-column-gap-default\">\n\t\t\t\t\t<div class=\"elementor-column elementor-col-100 elementor-top-column elementor-element elementor-element-6269283\" data-id=\"6269283\" data-element_type=\"column\" data-e-type=\"column\">\n\t\t\t<div class=\"elementor-widget-wrap elementor-element-populated\">\n\t\t\t\t\t\t<div class=\"elementor-element elementor-element-0a99069 elementor-widget elementor-widget-text-editor\" data-id=\"0a99069\" data-element_type=\"widget\" data-e-type=\"widget\" data-widget_type=\"text-editor.default\">\n\t\t\t\t<div class=\"elementor-widget-container\">\n\t\t\t\t\t\t\t\t\t<p><strong>Institucional<\/strong><\/p><p>N.A.T nace en el a\u00f1o 1920 gracias al esfuerzo de toda una familia. \u00a0Somos una empresa familiar argentina dedicada a la fabricaci\u00f3n de ropa interior masculina a la que tambi\u00e9n hemos sumado las\u00a0 l\u00edneas de mujer y de ni\u00f1os. Fabricamos con interlock de \u00a0puro algod\u00f3n y en interlock t\u00e9rmico.<\/p><p>En las l\u00ednea\u00a0 Masculina y la L\u00ednea \u00abINT\u00cdMA\u00bb que es la l\u00ednea femenina de N.A.T, \u00a0trabajamos dos l\u00edneas puntuales \u00a0una permanente de invierno y de verano, \u00a0y otra colecci\u00f3n de temporada que va cambiando seg\u00fan la tendencia del momento.<\/p><p>Desarrollamos tambi\u00e9n ropa para chicos, y presentamos la fabricaci\u00f3n por temporada de pijamas para toda la familia.<\/p><p>Si bien consideramos que seguir la moda y la tendencia del momento es importante, lo que queremos que encuentre un cliente al comprar NAT es buena calidad, confort y comodidad en la prenda. Contando con una muy buena calidad de algod\u00f3n y con nuevos dise\u00f1os. Manteniendo en vigencia los art\u00edculos cl\u00e1sicos y renovados con los a\u00f1os.<\/p><p>Seguimos fabricando, por, para y gracias a nuestros clientes.<\/p><p>\u00a0<\/p><p><strong>Un Poco de Nuestra Historia\u2026<\/strong><\/p><p>Que nos remonta a un siglo atr\u00e1s. En un comienzo eran diez hermanos \u00e1rabes que en la d\u00e9cada del \u201920 decidieron unirse y comenzaron a fabricar cortinas. Setenta a\u00f1os despu\u00e9s, la familia Nader conforma una importante industria en el barrio de Chacarita, destinada a la confecci\u00f3n de ropa interior para mujeres cuya marca es NAT.<\/p><p>Uno conoce sociedades comerciales de todo tipo: del Estado, privadas, mixtas, multinacionales, familiares, pero dif\u00edcilmente se tropiece en el mundo con un tipo de empresa familiar como la que fundaron hace m\u00e1s de un siglo en el barrio de Chacarita los 10 hermanos Nader.<\/p><p>Hab\u00edan comenzado a trabajar separadamente, a medida que les llegaba la edad de hacerlo, en diferentes ramos: hab\u00eda textiles, verduleros, peones, hasta que en los duros a\u00f1os de fines de los \u201820, se sent\u00f3 la familia un d\u00eda a deliberar. \u00abJunt\u00e9monos todos, pongamos un poco de plata cada uno y trabajemos para nosotros\u00bb. Tras esa consigna, Abraham Nader impuso su criterio y la familia compr\u00f3 una m\u00e1quina para hacer cortinas. En un localcito, donde nace la calle Humboldt empez\u00f3 la historia, que hoy \u00a0cien a\u00f1os despu\u00e9s, encuentra a los Nader desarrollando su intensa actividad de creadores de ropa interior en una f\u00e1brica en esa misma calle Humboldt.<\/p><p>Aquellos a\u00f1os heroicos fueron dominados por el af\u00e1n de trabajar en busca de la consolidaci\u00f3n familiar. Como queriendo cortar la ra\u00edz n\u00f3made de su pueblo ancestral, estos \u00e1rabes de la Chacarita hicieron un juramento sin haberlo pronunciado, sin conocer que exist\u00eda: \u00abuno para todos y todos para uno\u00bb.<\/p><p>El coraz\u00f3n de Chacarita, y las manos en la m\u00e1quina; porque un d\u00eda proclamaron que no se admitir\u00edan hinchas de otro equipo y hoy,\u00a0 las paredes de la f\u00e1brica siguen mostrando las fotos de distintos equipos de los \u00abfunebreros\u00bb. Obviamente, algunos de los hijos de aquellos hermanos llegaron a vestir la camiseta tricolor y don Enrique Nader era presidente del club cuando Chacarita sal\u00eda campe\u00f3n de primera a fines de los \u201860.<\/p><p>Ese momento de gran festejo familiar ocurr\u00eda con la familia afincada y la f\u00e1brica en pleno crecimiento, 40 a\u00f1os despu\u00e9s de que el l\u00edder Abraham Nader sentenciara un d\u00eda: \u00abEsa m\u00e1quina tiene que trabajar las 24 horas\u00bb. Fue cuando los hermanos cortaron definitivamente con los trabajos afuera, se incorporaron a la f\u00e1brica tambi\u00e9n las mujeres y NAT comenz\u00f3 a tomar forma. A la m\u00e1quina cortinera la llamaban angelito, porque cos\u00eda las cortinas haci\u00e9ndoles en el centro la figura de un \u00e1ngel. \u00abEsa cortina comenz\u00f3 a vestir todas las puertas canceles \u2013la que era la puerta de entrada a la casa propiamente, despu\u00e9s de trasponer la puerta de calle\u2013 de Buenos Aires. Y hasta llegamos a hacer las cortinas para Pelota de trapo, la pel\u00edcula donde trabajaban varios jugadores de f\u00fatbol\u00bb, recuerda Julio Nader. Junto a \u00e9l ponen recuerdos sobre la mesa sus primos Amado y Horacio; quienes supieron comandar la planta.<\/p><p>De cortinas a la ropa interior\u2026<\/p><p>Desde que empezaron a confeccionar aquellas cortinas de macram\u00e9 a fines de los \u201820 y principios de los \u201930, desarrollaron su industria, abasteciendo a casas como Lamotta y La Piedad. Luego del Angelito, incorporaron al taller una m\u00e1quina para el\u00e1sticos, que se vend\u00edan en un carretel y en los a\u00f1os \u201840 incorporaron la primera m\u00e1quina para interlock, con la que se inici\u00f3 una nueva etapa, al entrar de lleno en la confecci\u00f3n de ropa interior. Hasta all\u00ed, adem\u00e1s de las cortinas, los Nader hab\u00edan incursionado en la fabricaci\u00f3n de aquellos cl\u00e1sicos rompevientos. \u00abPero la aparici\u00f3n del interlock nos permiti\u00f3 el verdadero desarrollo\u00bb. Un d\u00eda de los a\u00f1os \u201850 volvieron a pensar en un paso importante y que result\u00f3 decisivo para la marca NAT: compraron una f\u00e1brica de fajas para mujer y se lanzaron a la competencia con los suspensores. Entraron con toda la fuerza del clan y coparon con el tiempo un mercado que hasta ese momento ten\u00eda otro due\u00f1o. Fue en esa \u00e9poca que tuvieron necesidad de ampliar la planta y as\u00ed en las d\u00e9cadas siguientes fueron sumando propiedades linderas y en los a\u00f1os \u201870 y \u201880 concretaron una nueva construcci\u00f3n para desarrollar la producci\u00f3n.<\/p><p>Los Nader no s\u00f3lo se dedicaron a vestir \u00edntimamente a nuestros padres y seguir\u00e1n haci\u00e9ndolo con nuestros hijos, si no que compraron el barrio con su presencia; donde viven, trabajan, siguen desarrollando, reinvent\u00e1ndose y\u00a0 creando nuevas l\u00edneas para toda la familia, sin dejar de lado la calidad de sus prendas y su coraz\u00f3n por Chacarita.<\/p>\t\t\t\t\t\t\t\t<\/div>\n\t\t\t\t<\/div>\n\t\t\t\t\t<\/div>\n\t\t<\/div>\n\t\t\t\t\t<\/div>\n\t\t<\/section>\n\t\t\t\t<\/div>\n\t\t","protected":false},"excerpt":{"rendered":"<p>Institucional N.A.T nace en el a\u00f1o 1920 gracias al esfuerzo de toda una familia. \u00a0Somos una empresa familiar argentina dedicada a la fabricaci\u00f3n de ropa interior masculina a la que tambi\u00e9n hemos sumado las\u00a0 l\u00edneas de mujer y de ni\u00f1os. Fabricamos con interlock de \u00a0puro algod\u00f3n y en interlock t\u00e9rmico. En las l\u00ednea\u00a0 Masculina y [&hellip;]<\/p>\n","protected":false},"author":2,"featured_media":0,"parent":0,"menu_order":0,"comment_status":"closed","ping_status":"closed","template":"","meta":{"om_disable_all_campaigns":false,"_monsterinsights_skip_tracking":false,"_monsterinsights_sitenote_active":false,"_monsterinsights_sitenote_note":"","_monsterinsights_sitenote_category":0,"_uf_show_specific_survey":0,"_uf_disable_surveys":false,"ocean_post_layout":"","ocean_both_sidebars_style":"","ocean_both_sidebars_content_width":0,"ocean_both_sidebars_sidebars_width":0,"ocean_sidebar":"0","ocean_second_sidebar":"0","ocean_disable_margins":"enable","ocean_add_body_class":"","ocean_shortcode_before_top_bar":"","ocean_shortcode_after_top_bar":"","ocean_shortcode_before_header":"","ocean_shortcode_after_header":"","ocean_has_shortcode":"","ocean_shortcode_after_title":"","ocean_shortcode_before_footer_widgets":"","ocean_shortcode_after_footer_widgets":"","ocean_shortcode_before_footer_bottom":"","ocean_shortcode_after_footer_bottom":"","ocean_display_top_bar":"default","ocean_display_header":"default","ocean_header_style":"","ocean_center_header_left_menu":"0","ocean_custom_header_template":"0","ocean_custom_logo":0,"ocean_custom_retina_logo":0,"ocean_custom_logo_max_width":0,"ocean_custom_logo_tablet_max_width":0,"ocean_custom_logo_mobile_max_width":0,"ocean_custom_logo_max_height":0,"ocean_custom_logo_tablet_max_height":0,"ocean_custom_logo_mobile_max_height":0,"ocean_header_custom_menu":"0","ocean_menu_typo_font_family":"0","ocean_menu_typo_font_subset":"","ocean_menu_typo_font_size":0,"ocean_menu_typo_font_size_tablet":0,"ocean_menu_typo_font_size_mobile":0,"ocean_menu_typo_font_size_unit":"px","ocean_menu_typo_font_weight":"","ocean_menu_typo_font_weight_tablet":"","ocean_menu_typo_font_weight_mobile":"","ocean_menu_typo_transform":"","ocean_menu_typo_transform_tablet":"","ocean_menu_typo_transform_mobile":"","ocean_menu_typo_line_height":0,"ocean_menu_typo_line_height_tablet":0,"ocean_menu_typo_line_height_mobile":0,"ocean_menu_typo_line_height_unit":"","ocean_menu_typo_spacing":0,"ocean_menu_typo_spacing_tablet":0,"ocean_menu_typo_spacing_mobile":0,"ocean_menu_typo_spacing_unit":"","ocean_menu_link_color":"","ocean_menu_link_color_hover":"","ocean_menu_link_color_active":"","ocean_menu_link_background":"","ocean_menu_link_hover_background":"","ocean_menu_link_active_background":"","ocean_menu_social_links_bg":"","ocean_menu_social_hover_links_bg":"","ocean_menu_social_links_color":"","ocean_menu_social_hover_links_color":"","ocean_disable_title":"default","ocean_disable_heading":"default","ocean_post_title":"","ocean_post_subheading":"","ocean_post_title_style":"","ocean_post_title_background_color":"","ocean_post_title_background":0,"ocean_post_title_bg_image_position":"","ocean_post_title_bg_image_attachment":"","ocean_post_title_bg_image_repeat":"","ocean_post_title_bg_image_size":"","ocean_post_title_height":0,"ocean_post_title_bg_overlay":0.5,"ocean_post_title_bg_overlay_color":"","ocean_disable_breadcrumbs":"default","ocean_breadcrumbs_color":"","ocean_breadcrumbs_separator_color":"","ocean_breadcrumbs_links_color":"","ocean_breadcrumbs_links_hover_color":"","ocean_display_footer_widgets":"default","ocean_display_footer_bottom":"default","ocean_custom_footer_template":"0","footnotes":""},"class_list":["post-1248","page","type-page","status-publish","hentry","entry","owp-thumbs-layout-horizontal","owp-btn-normal","owp-tabs-layout-horizontal","has-no-thumbnails","has-product-nav"],"aioseo_notices":[],"_links":{"self":[{"href":"https:\/\/tufic-nader.com.ar\/home\/wp-json\/wp\/v2\/pages\/1248","targetHints":{"allow":["GET"]}}],"collection":[{"href":"https:\/\/tufic-nader.com.ar\/home\/wp-json\/wp\/v2\/pages"}],"about":[{"href":"https:\/\/tufic-nader.com.ar\/home\/wp-json\/wp\/v2\/types\/page"}],"author":[{"embeddable":true,"href":"https:\/\/tufic-nader.com.ar\/home\/wp-json\/wp\/v2\/users\/2"}],"replies":[{"embeddable":true,"href":"https:\/\/tufic-nader.com.ar\/home\/wp-json\/wp\/v2\/comments?post=1248"}],"version-history":[{"count":7,"href":"https:\/\/tufic-nader.com.ar\/home\/wp-json\/wp\/v2\/pages\/1248\/revisions"}],"predecessor-version":[{"id":1284,"href":"https:\/\/tufic-nader.com.ar\/home\/wp-json\/wp\/v2\/pages\/1248\/revisions\/1284"}],"wp:attachment":[{"href":"https:\/\/tufic-nader.com.ar\/home\/wp-json\/wp\/v2\/media?parent=1248"}],"curies":[{"name":"wp","href":"https:\/\/api.w.org\/{rel}","templated":true}]}}

<div data-elementor-type="wp-page" data-elementor-id="1248" class="elementor elementor-1248">
						<section class="elementor-section elementor-top-section elementor-element elementor-element-e9d1fb1 elementor-section-boxed elementor-section-height-default elementor-section-height-default" data-id="e9d1fb1" data-element_type="section" data-e-type="section">
						<div class="elementor-container elementor-column-gap-default">
					<div class="elementor-column elementor-col-100 elementor-top-column elementor-element elementor-element-6269283" data-id="6269283" data-element_type="column" data-e-type="column">
			<div class="elementor-widget-wrap elementor-element-populated">
						<div class="elementor-element elementor-element-0a99069 elementor-widget elementor-widget-text-editor" data-id="0a99069" data-element_type="widget" data-e-type="widget" data-widget_type="text-editor.default">
				<div class="elementor-widget-container">
									<p><strong>Institucional</strong></p><p>N.A.T nace en el año 1920 gracias al esfuerzo de toda una familia.  Somos una empresa familiar argentina dedicada a la fabricación de ropa interior masculina a la que también hemos sumado las  líneas de mujer y de niños. Fabricamos con interlock de  puro algodón y en interlock térmico.</p><p>En las línea  Masculina y la Línea «INTÍMA» que es la línea femenina de N.A.T,  trabajamos dos líneas puntuales  una permanente de invierno y de verano,  y otra colección de temporada que va cambiando según la tendencia del momento.</p><p>Desarrollamos también ropa para chicos, y presentamos la fabricación por temporada de pijamas para toda la familia.</p><p>Si bien consideramos que seguir la moda y la tendencia del momento es importante, lo que queremos que encuentre un cliente al comprar NAT es buena calidad, confort y comodidad en la prenda. Contando con una muy buena calidad de algodón y con nuevos diseños. Manteniendo en vigencia los artículos clásicos y renovados con los años.</p><p>Seguimos fabricando, por, para y gracias a nuestros clientes.</p><p> </p><p><strong>Un Poco de Nuestra Historia…</strong></p><p>Que nos remonta a un siglo atrás. En un comienzo eran diez hermanos árabes que en la década del ’20 decidieron unirse y comenzaron a fabricar cortinas. Setenta años después, la familia Nader conforma una importante industria en el barrio de Chacarita, destinada a la confección de ropa interior para mujeres cuya marca es NAT.</p><p>Uno conoce sociedades comerciales de todo tipo: del Estado, privadas, mixtas, multinacionales, familiares, pero difícilmente se tropiece en el mundo con un tipo de empresa familiar como la que fundaron hace más de un siglo en el barrio de Chacarita los 10 hermanos Nader.</p><p>Habían comenzado a trabajar separadamente, a medida que les llegaba la edad de hacerlo, en diferentes ramos: había textiles, verduleros, peones, hasta que en los duros años de fines de los ‘20, se sentó la familia un día a deliberar. «Juntémonos todos, pongamos un poco de plata cada uno y trabajemos para nosotros». Tras esa consigna, Abraham Nader impuso su criterio y la familia compró una máquina para hacer cortinas. En un localcito, donde nace la calle Humboldt empezó la historia, que hoy  cien años después, encuentra a los Nader desarrollando su intensa actividad de creadores de ropa interior en una fábrica en esa misma calle Humboldt.</p><p>Aquellos años heroicos fueron dominados por el afán de trabajar en busca de la consolidación familiar. Como queriendo cortar la raíz nómade de su pueblo ancestral, estos árabes de la Chacarita hicieron un juramento sin haberlo pronunciado, sin conocer que existía: «uno para todos y todos para uno».</p><p>El corazón de Chacarita, y las manos en la máquina; porque un día proclamaron que no se admitirían hinchas de otro equipo y hoy,  las paredes de la fábrica siguen mostrando las fotos de distintos equipos de los «funebreros». Obviamente, algunos de los hijos de aquellos hermanos llegaron a vestir la camiseta tricolor y don Enrique Nader era presidente del club cuando Chacarita salía campeón de primera a fines de los ‘60.</p><p>Ese momento de gran festejo familiar ocurría con la familia afincada y la fábrica en pleno crecimiento, 40 años después de que el líder Abraham Nader sentenciara un día: «Esa máquina tiene que trabajar las 24 horas». Fue cuando los hermanos cortaron definitivamente con los trabajos afuera, se incorporaron a la fábrica también las mujeres y NAT comenzó a tomar forma. A la máquina cortinera la llamaban angelito, porque cosía las cortinas haciéndoles en el centro la figura de un ángel. «Esa cortina comenzó a vestir todas las puertas canceles –la que era la puerta de entrada a la casa propiamente, después de trasponer la puerta de calle– de Buenos Aires. Y hasta llegamos a hacer las cortinas para Pelota de trapo, la película donde trabajaban varios jugadores de fútbol», recuerda Julio Nader. Junto a él ponen recuerdos sobre la mesa sus primos Amado y Horacio; quienes supieron comandar la planta.</p><p>De cortinas a la ropa interior…</p><p>Desde que empezaron a confeccionar aquellas cortinas de macramé a fines de los ‘20 y principios de los ’30, desarrollaron su industria, abasteciendo a casas como Lamotta y La Piedad. Luego del Angelito, incorporaron al taller una máquina para elásticos, que se vendían en un carretel y en los años ‘40 incorporaron la primera máquina para interlock, con la que se inició una nueva etapa, al entrar de lleno en la confección de ropa interior. Hasta allí, además de las cortinas, los Nader habían incursionado en la fabricación de aquellos clásicos rompevientos. «Pero la aparición del interlock nos permitió el verdadero desarrollo». Un día de los años ‘50 volvieron a pensar en un paso importante y que resultó decisivo para la marca NAT: compraron una fábrica de fajas para mujer y se lanzaron a la competencia con los suspensores. Entraron con toda la fuerza del clan y coparon con el tiempo un mercado que hasta ese momento tenía otro dueño. Fue en esa época que tuvieron necesidad de ampliar la planta y así en las décadas siguientes fueron sumando propiedades linderas y en los años ‘70 y ‘80 concretaron una nueva construcción para desarrollar la producción.</p><p>Los Nader no sólo se dedicaron a vestir íntimamente a nuestros padres y seguirán haciéndolo con nuestros hijos, si no que compraron el barrio con su presencia; donde viven, trabajan, siguen desarrollando, reinventándose y  creando nuevas líneas para toda la familia, sin dejar de lado la calidad de sus prendas y su corazón por Chacarita.</p>								</div>
				</div>
					</div>
		</div>
					</div>
		</section>
				</div>

<p>Institucional N.A.T nace en el año 1920 gracias al esfuerzo de toda una familia.  Somos una empresa familiar argentina dedicada a la fabricación de ropa interior masculina a la que también hemos sumado las  líneas de mujer y de niños. Fabricamos con interlock de  puro algodón y en interlock térmico. En las línea  Masculina y [&hellip;]</p>
